{"id":650,"date":"2021-07-22T17:40:28","date_gmt":"2021-07-22T15:40:28","guid":{"rendered":"https:\/\/hdkkt.hr\/?post_type=clanovi&#038;p=650"},"modified":"2021-08-16T10:23:37","modified_gmt":"2021-08-16T08:23:37","slug":"vidovic-andela","status":"publish","type":"clanovi","link":"https:\/\/hdkkt.hr\/en\/clanovi\/vidovic-andela\/","title":{"rendered":"Vidovi\u0107 An\u0111ela"},"content":{"rendered":"<p><strong>1987, Metkovi\u0107<\/strong><\/p>\n<p>theater critic and theatrologist<\/p>\n<p>Master of Education in Croatology and Master of Philosophy. Work in the interdisciplinary and transdisciplinary field of theatrology begins during studies. He publishes theatrical critiques, essays, talks and reviews of theatrical editions in Arteist, Artos, the Ganz Bulletin of the New Festival, Express, Glas Slavonije, HowlRound, Hrvatsko slovo, Kritikaz and Vijenac.<\/p>\n<p>She has participated in several international seminars and scientific symposia &#8211; Young Crtitics Seminar (AITC-IATC, Cluj, Romania, 2014), Colloquium on Criticism (Kulturtreger and Italics, Zagreb, 2015), Narratology and Its Discontents (ADU, Zagreb, 2017), Media and media culture &#8211; European realities (JJ Strossmayer University of Osijek, 2017), Hvar Theater Days (HAZU, Knji\u017eevni krug Split, 2019), etc. In January 2016, he started collaborating with Boston ArtsEmerson and the HowlRound network platform in the project theater cards (Word Theater Map). Since 2017, she has been the executive editor and vice-president of the Association for Culture and New Media, Arteist, and an external expert associate of the Miroslav Krle\u017ea Lexicographic Institute and the Osijek Summer of Culture.<\/p>\n","protected":false},"excerpt":{"rendered":"<p>1987, Metkovi\u0107 theater critic and theatrologist Master of Education in Croatology and Master of Philosophy. Work in the interdisciplinary and &#8230;<\/p>\n","protected":false},"featured_media":0,"template":"","class_list":["post-650","clanovi","type-clanovi","status-publish","hentry","alpha-v"],"acf":[],"yoast_head":"<!-- This site is optimized with the Yoast SEO plugin v26.1.1 - https:\/\/yoast.com\/wordpress\/plugins\/seo\/ -->\n<title>Vidovi\u0107 An\u0111ela - HDKKT<\/title>\n<meta name=\"robots\" content=\"index, follow, max-snippet:-1, max-image-preview:large, max-video-preview:-1\" \/>\n<link rel=\"canonical\" href=\"https:\/\/hdkkt.hr\/en\/clanovi\/vidovic-andela\/\" \/>\n<meta property=\"og:locale\" content=\"en_US\" \/>\n<meta property=\"og:type\" content=\"article\" \/>\n<meta property=\"og:title\" content=\"Vidovi\u0107 An\u0111ela - HDKKT\" \/>\n<meta property=\"og:description\" content=\"1987, Metkovi\u0107 theater critic and theatrologist Master of Education in Croatology and Master of Philosophy. Work in the interdisciplinary and ...\" \/>\n<meta property=\"og:url\" content=\"https:\/\/hdkkt.hr\/en\/clanovi\/vidovic-andela\/\" \/>\n<meta property=\"og:site_name\" content=\"HDKKT\" \/>\n<meta property=\"article:modified_time\" content=\"2021-08-16T08:23:37+00:00\" \/>\n<meta name=\"twitter:card\" content=\"summary_large_image\" \/>\n<meta name=\"twitter:label1\" content=\"Est. reading time\" \/>\n\t<meta name=\"twitter:data1\" content=\"1 minute\" \/>\n<script type=\"application\/ld+json\" class=\"yoast-schema-graph\">{\"@context\":\"https:\/\/schema.org\",\"@graph\":[{\"@type\":\"WebPage\",\"@id\":\"https:\/\/hdkkt.hr\/en\/clanovi\/vidovic-andela\/\",\"url\":\"https:\/\/hdkkt.hr\/en\/clanovi\/vidovic-andela\/\",\"name\":\"Vidovi\u0107 An\u0111ela - HDKKT\",\"isPartOf\":{\"@id\":\"https:\/\/hdkkt.hr\/en\/#website\"},\"datePublished\":\"2021-07-22T15:40:28+00:00\",\"dateModified\":\"2021-08-16T08:23:37+00:00\",\"breadcrumb\":{\"@id\":\"https:\/\/hdkkt.hr\/en\/clanovi\/vidovic-andela\/#breadcrumb\"},\"inLanguage\":\"en-US\",\"potentialAction\":[{\"@type\":\"ReadAction\",\"target\":[\"https:\/\/hdkkt.hr\/en\/clanovi\/vidovic-andela\/\"]}]},{\"@type\":\"BreadcrumbList\",\"@id\":\"https:\/\/hdkkt.hr\/en\/clanovi\/vidovic-andela\/#breadcrumb\",\"itemListElement\":[{\"@type\":\"ListItem\",\"position\":1,\"name\":\"Home\",\"item\":\"https:\/\/hdkkt.hr\/en\/\"},{\"@type\":\"ListItem\",\"position\":2,\"name\":\"\u010clanovi\",\"item\":\"https:\/\/hdkkt.hr\/en\/clanovi\/\"},{\"@type\":\"ListItem\",\"position\":3,\"name\":\"Vidovi\u0107 An\u0111ela\"}]},{\"@type\":\"WebSite\",\"@id\":\"https:\/\/hdkkt.hr\/en\/#website\",\"url\":\"https:\/\/hdkkt.hr\/en\/\",\"name\":\"HDKKT\",\"description\":\"Hrvatsko dru&scaron;tvo kazali&scaron;nih kriti\u010dara i teatrologa\",\"publisher\":{\"@id\":\"https:\/\/hdkkt.hr\/en\/#organization\"},\"potentialAction\":[{\"@type\":\"SearchAction\",\"target\":{\"@type\":\"EntryPoint\",\"urlTemplate\":\"https:\/\/hdkkt.hr\/en\/?s={search_term_string}\"},\"query-input\":{\"@type\":\"PropertyValueSpecification\",\"valueRequired\":true,\"valueName\":\"search_term_string\"}}],\"inLanguage\":\"en-US\"},{\"@type\":\"Organization\",\"@id\":\"https:\/\/hdkkt.hr\/en\/#organization\",\"name\":\"HDKKT\",\"url\":\"https:\/\/hdkkt.hr\/en\/\",\"logo\":{\"@type\":\"ImageObject\",\"inLanguage\":\"en-US\",\"@id\":\"https:\/\/hdkkt.hr\/en\/#\/schema\/logo\/image\/\",\"url\":\"https:\/\/hdkkt.hr\/wp-content\/uploads\/2021\/07\/logo.svg\",\"contentUrl\":\"https:\/\/hdkkt.hr\/wp-content\/uploads\/2021\/07\/logo.svg\",\"width\":374,\"height\":466,\"caption\":\"HDKKT\"},\"image\":{\"@id\":\"https:\/\/hdkkt.hr\/en\/#\/schema\/logo\/image\/\"}}]}<\/script>\n<!-- \/ Yoast SEO plugin. -->","yoast_head_json":{"title":"Vidovi\u0107 An\u0111ela - HDKKT","robots":{"index":"index","follow":"follow","max-snippet":"max-snippet:-1","max-image-preview":"max-image-preview:large","max-video-preview":"max-video-preview:-1"},"canonical":"https:\/\/hdkkt.hr\/en\/clanovi\/vidovic-andela\/","og_locale":"en_US","og_type":"article","og_title":"Vidovi\u0107 An\u0111ela - HDKKT","og_description":"1987, Metkovi\u0107 theater critic and theatrologist Master of Education in Croatology and Master of Philosophy. Work in the interdisciplinary and ...","og_url":"https:\/\/hdkkt.hr\/en\/clanovi\/vidovic-andela\/","og_site_name":"HDKKT","article_modified_time":"2021-08-16T08:23:37+00:00","twitter_card":"summary_large_image","twitter_misc":{"Est. reading time":"1 minute"},"schema":{"@context":"https:\/\/schema.org","@graph":[{"@type":"WebPage","@id":"https:\/\/hdkkt.hr\/en\/clanovi\/vidovic-andela\/","url":"https:\/\/hdkkt.hr\/en\/clanovi\/vidovic-andela\/","name":"Vidovi\u0107 An\u0111ela - HDKKT","isPartOf":{"@id":"https:\/\/hdkkt.hr\/en\/#website"},"datePublished":"2021-07-22T15:40:28+00:00","dateModified":"2021-08-16T08:23:37+00:00","breadcrumb":{"@id":"https:\/\/hdkkt.hr\/en\/clanovi\/vidovic-andela\/#breadcrumb"},"inLanguage":"en-US","potentialAction":[{"@type":"ReadAction","target":["https:\/\/hdkkt.hr\/en\/clanovi\/vidovic-andela\/"]}]},{"@type":"BreadcrumbList","@id":"https:\/\/hdkkt.hr\/en\/clanovi\/vidovic-andela\/#breadcrumb","itemListElement":[{"@type":"ListItem","position":1,"name":"Home","item":"https:\/\/hdkkt.hr\/en\/"},{"@type":"ListItem","position":2,"name":"\u010clanovi","item":"https:\/\/hdkkt.hr\/en\/clanovi\/"},{"@type":"ListItem","position":3,"name":"Vidovi\u0107 An\u0111ela"}]},{"@type":"WebSite","@id":"https:\/\/hdkkt.hr\/en\/#website","url":"https:\/\/hdkkt.hr\/en\/","name":"HDKKT","description":"Hrvatsko dru&scaron;tvo kazali&scaron;nih kriti\u010dara i teatrologa","publisher":{"@id":"https:\/\/hdkkt.hr\/en\/#organization"},"potentialAction":[{"@type":"SearchAction","target":{"@type":"EntryPoint","urlTemplate":"https:\/\/hdkkt.hr\/en\/?s={search_term_string}"},"query-input":{"@type":"PropertyValueSpecification","valueRequired":true,"valueName":"search_term_string"}}],"inLanguage":"en-US"},{"@type":"Organization","@id":"https:\/\/hdkkt.hr\/en\/#organization","name":"HDKKT","url":"https:\/\/hdkkt.hr\/en\/","logo":{"@type":"ImageObject","inLanguage":"en-US","@id":"https:\/\/hdkkt.hr\/en\/#\/schema\/logo\/image\/","url":"https:\/\/hdkkt.hr\/wp-content\/uploads\/2021\/07\/logo.svg","contentUrl":"https:\/\/hdkkt.hr\/wp-content\/uploads\/2021\/07\/logo.svg","width":374,"height":466,"caption":"HDKKT"},"image":{"@id":"https:\/\/hdkkt.hr\/en\/#\/schema\/logo\/image\/"}}]}},"_links":{"self":[{"href":"https:\/\/hdkkt.hr\/en\/wp-json\/wp\/v2\/clanovi\/650","targetHints":{"allow":["GET"]}}],"collection":[{"href":"https:\/\/hdkkt.hr\/en\/wp-json\/wp\/v2\/clanovi"}],"about":[{"href":"https:\/\/hdkkt.hr\/en\/wp-json\/wp\/v2\/types\/clanovi"}],"wp:attachment":[{"href":"https:\/\/hdkkt.hr\/en\/wp-json\/wp\/v2\/media?parent=650"}],"curies":[{"name":"wp","href":"https:\/\/api.w.org\/{rel}","templated":true}]}}

Vidović Anđela

<p><strong>1987, Metković</strong></p>
<p>theater critic and theatrologist</p>
<p>Master of Education in Croatology and Master of Philosophy. Work in the interdisciplinary and transdisciplinary field of theatrology begins during studies. He publishes theatrical critiques, essays, talks and reviews of theatrical editions in Arteist, Artos, the Ganz Bulletin of the New Festival, Express, Glas Slavonije, HowlRound, Hrvatsko slovo, Kritikaz and Vijenac.</p>
<p>She has participated in several international seminars and scientific symposia &#8211; Young Crtitics Seminar (AITC-IATC, Cluj, Romania, 2014), Colloquium on Criticism (Kulturtreger and Italics, Zagreb, 2015), Narratology and Its Discontents (ADU, Zagreb, 2017), Media and media culture &#8211; European realities (JJ Strossmayer University of Osijek, 2017), Hvar Theater Days (HAZU, Književni krug Split, 2019), etc. In January 2016, he started collaborating with Boston ArtsEmerson and the HowlRound network platform in the project theater cards (Word Theater Map). Since 2017, she has been the executive editor and vice-president of the Association for Culture and New Media, Arteist, and an external expert associate of the Miroslav Krleža Lexicographic Institute and the Osijek Summer of Culture.</p>

<p>1987, Metković theater critic and theatrologist Master of Education in Croatology and Master of Philosophy. Work in the interdisciplinary and &#8230;</p>

<!-- This site is optimized with the Yoast SEO plugin v26.1.1 - https://yoast.com/wordpress/plugins/seo/ -->
<title>Vidović Anđela - HDKKT</title>
<meta name="robots" content="index, follow, max-snippet:-1, max-image-preview:large, max-video-preview:-1" />
<link rel="canonical" href="https://hdkkt.hr/en/clanovi/vidovic-andela/" />
<meta property="og:locale" content="en_US" />
<meta property="og:type" content="article" />
<meta property="og:title" content="Vidović Anđela - HDKKT" />
<meta property="og:description" content="1987, Metković theater critic and theatrologist Master of Education in Croatology and Master of Philosophy. Work in the interdisciplinary and ..." />
<meta property="og:url" content="https://hdkkt.hr/en/clanovi/vidovic-andela/" />
<meta property="og:site_name" content="HDKKT" />
<meta property="article:modified_time" content="2021-08-16T08:23:37+00:00" />
<meta name="twitter:card" content="summary_large_image" />
<meta name="twitter:label1" content="Est. reading time" />
	<meta name="twitter:data1" content="1 minute" />
<script type="application/ld+json" class="yoast-schema-graph">{"@context":"https://schema.org","@graph":[{"@type":"WebPage","@id":"https://hdkkt.hr/en/clanovi/vidovic-andela/","url":"https://hdkkt.hr/en/clanovi/vidovic-andela/","name":"Vidović Anđela - HDKKT","isPartOf":{"@id":"https://hdkkt.hr/en/#website"},"datePublished":"2021-07-22T15:40:28+00:00","dateModified":"2021-08-16T08:23:37+00:00","breadcrumb":{"@id":"https://hdkkt.hr/en/clanovi/vidovic-andela/#breadcrumb"},"inLanguage":"en-US","potentialAction":[{"@type":"ReadAction","target":["https://hdkkt.hr/en/clanovi/vidovic-andela/"]}]},{"@type":"BreadcrumbList","@id":"https://hdkkt.hr/en/clanovi/vidovic-andela/#breadcrumb","itemListElement":[{"@type":"ListItem","position":1,"name":"Home","item":"https://hdkkt.hr/en/"},{"@type":"ListItem","position":2,"name":"Članovi","item":"https://hdkkt.hr/en/clanovi/"},{"@type":"ListItem","position":3,"name":"Vidović Anđela"}]},{"@type":"WebSite","@id":"https://hdkkt.hr/en/#website","url":"https://hdkkt.hr/en/","name":"HDKKT","description":"Hrvatsko dru&scaron;tvo kazali&scaron;nih kritičara i teatrologa","publisher":{"@id":"https://hdkkt.hr/en/#organization"},"potentialAction":[{"@type":"SearchAction","target":{"@type":"EntryPoint","urlTemplate":"https://hdkkt.hr/en/?s={search_term_string}"},"query-input":{"@type":"PropertyValueSpecification","valueRequired":true,"valueName":"search_term_string"}}],"inLanguage":"en-US"},{"@type":"Organization","@id":"https://hdkkt.hr/en/#organization","name":"HDKKT","url":"https://hdkkt.hr/en/","logo":{"@type":"ImageObject","inLanguage":"en-US","@id":"https://hdkkt.hr/en/#/schema/logo/image/","url":"https://hdkkt.hr/wp-content/uploads/2021/07/logo.svg","contentUrl":"https://hdkkt.hr/wp-content/uploads/2021/07/logo.svg","width":374,"height":466,"caption":"HDKKT"},"image":{"@id":"https://hdkkt.hr/en/#/schema/logo/image/"}}]}</script>
<!-- / Yoast SEO plugin. -->

Vidović Anđela - HDKKT

1987, Metković theater critic and theatrologist Master of Education in Croatology and Master of Philosophy. Work in the interdisciplinary and ...

Članovi

Hrvatsko dru&scaron;tvo kazali&scaron;nih kritičara i teatrologa
