{"id":749,"date":"2021-07-30T10:21:46","date_gmt":"2021-07-30T08:21:46","guid":{"rendered":"https:\/\/hdkkt.hr\/?post_type=clanovi&#038;p=749"},"modified":"2022-01-14T08:52:41","modified_gmt":"2022-01-14T07:52:41","slug":"gracan-giga","status":"publish","type":"clanovi","link":"https:\/\/hdkkt.hr\/en\/clanovi\/gracan-giga\/","title":{"rendered":"Gra\u010dan Giga"},"content":{"rendered":"<div id=\"site-handler\">\n<div class=\"site-width\">\n<div id=\"middle-cols\">\n<div id=\"col-center\" class=\"s600\">\n<div id=\"content-main\">\n<div id=\"jcom-content\">\n<div id=\"page\">\n<div class=\"main-content-item\">\n<p><strong>GIGA GRA\u010cAN, r. DRNDARSKI<\/strong>\u00a0(Osijek, 1945). Gimnaziju i srednju muzi\u010dku \u0161kolu (teoretsko-nastavni\u010dki odjel) zavr\u0161ila 1963. u Osijeku. Na Filozofskom fakultetu Sveu\u010dili\u0161ta uZagrebu diplomirala 1968. komparativnu knji\u017eevnost i engleski jezik. Kao pomo\u0107ne (C) predmete polo\u017eila talijanski i francuski jezik. God. 1994. stekla certifikat njema\u010dkog jezika ZMP, Goethe-Institut Bonn.<\/p>\n<p><strong>Radila<\/strong>\u00a0kao bibliotekarka u osje\u010dkom EM\u0160C-u (1968 &#8211; 72), urednica u Koncertnoj direkciji Zagreb i Zavodu za kulturu Hrvatske (1972 &#8211; 89) te izvr\u0161na tajnica Hrvatskoga glazbenog zavoda (1990). Kao urednica u III. programu Hrvatskoga radija (1991 &#8211; 2010) koncipirala je i ure\u0111ivala emisiju o kazali\u0161tu (<em>Kazali\u0161tarije,\u00a0<\/em>1989 &#8211; 2002), te specifi\u010dnu emisiju\u00a0<em>Zoofon,\u00a0<\/em>o raznim aspektima odnos\u0101 ljudi i \u017eivotinj\u00e2 (1994 &#8211; 2010).<\/p>\n<p><strong>\u010clanstvo u strukovnim udru\u017eenjima<\/strong>: Dru\u0161tvo hrvatskih knji\u017eevnih prevodilaca (bila mu u vi\u0161e navrata tajnica, od 1992. do 2000. predsjednica); Me\u0111unarodno udru\u017eenje kazali\u0161nih kriti\u010dara i teatrologa (AICT &#8211; bila me\u0111u utemeljiteljima 1975. i prva glavna tajnica\u00a0 hrvatskoga dru\u0161tva); Hrvatski centar P. E. N. kluba; Hrvatsko novinarsko dru\u0161tvo;Hrvatsko dru\u0161tvo pisaca.<\/p>\n<p><strong>\u010clanica uredni\u0161tva \u010dasopis\u0101<\/strong>:\u00a0<em>Re\u00advija<\/em>\u00a0(Osijek 1971),\u00a0<em>Prolog<\/em>\u00a0(1977 &#8211; 87),\u00a0<em>Prolog \/Teorija \/Tekstovi<\/em>\u00a0(1987 &#8211; 90),\u00a0<em>Glasnik UNESCO-a<\/em>\u00a0na hrvatskom knji\u017eevnom jeziku (1983 &#8211; 87. izvr\u0161na, 1988 &#8211; 89. gl. urednica),\u00a0<em>Vijenac<\/em>\u00a0(1993 &#8211; 98). Od 1996. do 2005. ure\u0111ivala dvije biblioteke za nakladu ArTresor.<\/p>\n<p>Bila\u00a0<strong>\u010dlanica Vije\u0107a za medijsku kulturu<\/strong>\u00a0Ministarstva kulture RH\u00a0 (2001-03).<\/p>\n<p>S autorskim i uredni\u010dkim radovima sudjelovala na\u00a0<strong>festivalima Prix Europa\u00a0<\/strong>i<strong>\u00a0Prix Maruli\u0107.<\/strong>\u00a0Sa stru\u010dnim prilozima sudjelovala na prevodila\u010dkim i teatrolo\u0161kim\u00a0<strong>stru\u010dnim skupovima,<\/strong>\u00a0te na skupovima o medijima i kulturnoj politici, u zemlji i inozemstvu.<\/p>\n<p><strong>Knji\u017eevne i srodne prijevode<\/strong>\u00a0s engleskoga, francuskoga i njema\u010dkoga objavljuje od 1967.<\/p>\n<p><strong>Tekstovima\u00a0<\/strong>o britanskim, ameri\u010dkim i kanadskim autorima, kazali\u0161nim kritikama, kolumnisti\u010dkim tekstovima, komentarima i intervjuima s hrvatskim i stranim umjetnicima ostvaruje od 1968. bogatu suradnju u brojnim \u010dasopisima i novinama te na radiju. Od 1990-ih do 2000-ih redovito je sura\u0111ivala s hrvatskim redakcijama radija BBC i Deutsche Welle, kao i (povremeno) s njema\u010dkom redakcijom te radijske stanice.<\/p>\n<p><strong>Eseje i studije\u00a0<\/strong>objavila u nizu zbornika te kao pogovore \/predgovore knjigama stranih i doma\u0107ih autora, a\u00a0<strong>leksikografske priloge<\/strong>\u00a0u izdanjima LZ &#8220;Miroslav Krle\u017ea&#8221; i &#8220;\u0160kolske knjige&#8221;..<\/p>\n<p><strong>Bibliografija<\/strong>\u00a0izvornih i prijevodnih radova (samo knjige) dostupna na mre\u017enim stranicama DHKP-a i HDP-a, a\u00a0<strong>radiofonskih<\/strong>\u00a0u fonoarhivi HRT-a..<\/p>\n<p><strong>Nagrade<\/strong>: Godi\u0161nja nagrada Dru\u0161tva hrvatskih knji\u017eevnih prevodilaca 1980. za prijevod knjige\u00a0<em>Anatomija kritike<\/em>\u00a0Northropa Fryea; nagrada &#8220;Marija Juri\u0107 Zagorka&#8221; Hrvatskoga novinarskog dru\u0161tva za najbolje ure\u0111enu radijsku emisiju u godini 1998. &#8211;\u00a0<em>Zoofon<\/em>; godi\u0161nja nagrada HRT-a za postignu\u0107a u mediju radija, 2001; nagrada &#8220;Iso Velikanovi\u0107&#8221; za \u017eivotno djelo u prevodila\u0161tvu, 2011; nagrada &#8220;Otokar Ker\u0161ovani&#8221; za \u017eivotno djelo u novinarstvu, 2013; Nagrada grada Zagreba, 2014; nagrada &#8220;Josip Tabak&#8221; za \u017eivotno djelo, Dru\u0161tvo hrvatskih knji\u017eevnih prevodilaca, 2016.<\/p>\n<\/div>\n<\/div>\n<\/div>\n<\/div>\n<\/div>\n<\/div>\n<\/div>\n<\/div>\n","protected":false},"excerpt":{"rendered":"<p>GIGA GRA\u010cAN, r. DRNDARSKI\u00a0(Osijek, 1945). Gimnaziju i srednju muzi\u010dku \u0161kolu (teoretsko-nastavni\u010dki odjel) zavr\u0161ila 1963. u Osijeku. Na Filozofskom fakultetu Sveu\u010dili\u0161ta &#8230;<\/p>\n","protected":false},"featured_media":0,"template":"","class_list":["post-749","clanovi","type-clanovi","status-publish","hentry","alpha-g"],"acf":[],"yoast_head":"<!-- This site is optimized with the Yoast SEO plugin v26.1.1 - https:\/\/yoast.com\/wordpress\/plugins\/seo\/ -->\n<title>Gra\u010dan Giga - HDKKT<\/title>\n<meta name=\"robots\" content=\"index, follow, max-snippet:-1, max-image-preview:large, max-video-preview:-1\" \/>\n<link rel=\"canonical\" href=\"https:\/\/hdkkt.hr\/en\/clanovi\/gracan-giga\/\" \/>\n<meta property=\"og:locale\" content=\"en_US\" \/>\n<meta property=\"og:type\" content=\"article\" \/>\n<meta property=\"og:title\" content=\"Gra\u010dan Giga - HDKKT\" \/>\n<meta property=\"og:description\" content=\"GIGA GRA\u010cAN, r. DRNDARSKI\u00a0(Osijek, 1945). Gimnaziju i srednju muzi\u010dku \u0161kolu (teoretsko-nastavni\u010dki odjel) zavr\u0161ila 1963. u Osijeku. Na Filozofskom fakultetu Sveu\u010dili\u0161ta ...\" \/>\n<meta property=\"og:url\" content=\"https:\/\/hdkkt.hr\/en\/clanovi\/gracan-giga\/\" \/>\n<meta property=\"og:site_name\" content=\"HDKKT\" \/>\n<meta property=\"article:modified_time\" content=\"2022-01-14T07:52:41+00:00\" \/>\n<meta name=\"twitter:card\" content=\"summary_large_image\" \/>\n<meta name=\"twitter:label1\" content=\"Est. reading time\" \/>\n\t<meta name=\"twitter:data1\" content=\"2 minutes\" \/>\n<script type=\"application\/ld+json\" class=\"yoast-schema-graph\">{\"@context\":\"https:\/\/schema.org\",\"@graph\":[{\"@type\":\"WebPage\",\"@id\":\"https:\/\/hdkkt.hr\/en\/clanovi\/gracan-giga\/\",\"url\":\"https:\/\/hdkkt.hr\/en\/clanovi\/gracan-giga\/\",\"name\":\"Gra\u010dan Giga - HDKKT\",\"isPartOf\":{\"@id\":\"https:\/\/hdkkt.hr\/en\/#website\"},\"datePublished\":\"2021-07-30T08:21:46+00:00\",\"dateModified\":\"2022-01-14T07:52:41+00:00\",\"breadcrumb\":{\"@id\":\"https:\/\/hdkkt.hr\/en\/clanovi\/gracan-giga\/#breadcrumb\"},\"inLanguage\":\"en-US\",\"potentialAction\":[{\"@type\":\"ReadAction\",\"target\":[\"https:\/\/hdkkt.hr\/en\/clanovi\/gracan-giga\/\"]}]},{\"@type\":\"BreadcrumbList\",\"@id\":\"https:\/\/hdkkt.hr\/en\/clanovi\/gracan-giga\/#breadcrumb\",\"itemListElement\":[{\"@type\":\"ListItem\",\"position\":1,\"name\":\"Home\",\"item\":\"https:\/\/hdkkt.hr\/en\/\"},{\"@type\":\"ListItem\",\"position\":2,\"name\":\"\u010clanovi\",\"item\":\"https:\/\/hdkkt.hr\/en\/clanovi\/\"},{\"@type\":\"ListItem\",\"position\":3,\"name\":\"Gra\u010dan Giga\"}]},{\"@type\":\"WebSite\",\"@id\":\"https:\/\/hdkkt.hr\/en\/#website\",\"url\":\"https:\/\/hdkkt.hr\/en\/\",\"name\":\"HDKKT\",\"description\":\"Hrvatsko dru&scaron;tvo kazali&scaron;nih kriti\u010dara i teatrologa\",\"publisher\":{\"@id\":\"https:\/\/hdkkt.hr\/en\/#organization\"},\"potentialAction\":[{\"@type\":\"SearchAction\",\"target\":{\"@type\":\"EntryPoint\",\"urlTemplate\":\"https:\/\/hdkkt.hr\/en\/?s={search_term_string}\"},\"query-input\":{\"@type\":\"PropertyValueSpecification\",\"valueRequired\":true,\"valueName\":\"search_term_string\"}}],\"inLanguage\":\"en-US\"},{\"@type\":\"Organization\",\"@id\":\"https:\/\/hdkkt.hr\/en\/#organization\",\"name\":\"HDKKT\",\"url\":\"https:\/\/hdkkt.hr\/en\/\",\"logo\":{\"@type\":\"ImageObject\",\"inLanguage\":\"en-US\",\"@id\":\"https:\/\/hdkkt.hr\/en\/#\/schema\/logo\/image\/\",\"url\":\"https:\/\/hdkkt.hr\/wp-content\/uploads\/2021\/07\/logo.svg\",\"contentUrl\":\"https:\/\/hdkkt.hr\/wp-content\/uploads\/2021\/07\/logo.svg\",\"width\":374,\"height\":466,\"caption\":\"HDKKT\"},\"image\":{\"@id\":\"https:\/\/hdkkt.hr\/en\/#\/schema\/logo\/image\/\"}}]}<\/script>\n<!-- \/ Yoast SEO plugin. -->","yoast_head_json":{"title":"Gra\u010dan Giga - HDKKT","robots":{"index":"index","follow":"follow","max-snippet":"max-snippet:-1","max-image-preview":"max-image-preview:large","max-video-preview":"max-video-preview:-1"},"canonical":"https:\/\/hdkkt.hr\/en\/clanovi\/gracan-giga\/","og_locale":"en_US","og_type":"article","og_title":"Gra\u010dan Giga - HDKKT","og_description":"GIGA GRA\u010cAN, r. DRNDARSKI\u00a0(Osijek, 1945). Gimnaziju i srednju muzi\u010dku \u0161kolu (teoretsko-nastavni\u010dki odjel) zavr\u0161ila 1963. u Osijeku. Na Filozofskom fakultetu Sveu\u010dili\u0161ta ...","og_url":"https:\/\/hdkkt.hr\/en\/clanovi\/gracan-giga\/","og_site_name":"HDKKT","article_modified_time":"2022-01-14T07:52:41+00:00","twitter_card":"summary_large_image","twitter_misc":{"Est. reading time":"2 minutes"},"schema":{"@context":"https:\/\/schema.org","@graph":[{"@type":"WebPage","@id":"https:\/\/hdkkt.hr\/en\/clanovi\/gracan-giga\/","url":"https:\/\/hdkkt.hr\/en\/clanovi\/gracan-giga\/","name":"Gra\u010dan Giga - HDKKT","isPartOf":{"@id":"https:\/\/hdkkt.hr\/en\/#website"},"datePublished":"2021-07-30T08:21:46+00:00","dateModified":"2022-01-14T07:52:41+00:00","breadcrumb":{"@id":"https:\/\/hdkkt.hr\/en\/clanovi\/gracan-giga\/#breadcrumb"},"inLanguage":"en-US","potentialAction":[{"@type":"ReadAction","target":["https:\/\/hdkkt.hr\/en\/clanovi\/gracan-giga\/"]}]},{"@type":"BreadcrumbList","@id":"https:\/\/hdkkt.hr\/en\/clanovi\/gracan-giga\/#breadcrumb","itemListElement":[{"@type":"ListItem","position":1,"name":"Home","item":"https:\/\/hdkkt.hr\/en\/"},{"@type":"ListItem","position":2,"name":"\u010clanovi","item":"https:\/\/hdkkt.hr\/en\/clanovi\/"},{"@type":"ListItem","position":3,"name":"Gra\u010dan Giga"}]},{"@type":"WebSite","@id":"https:\/\/hdkkt.hr\/en\/#website","url":"https:\/\/hdkkt.hr\/en\/","name":"HDKKT","description":"Hrvatsko dru&scaron;tvo kazali&scaron;nih kriti\u010dara i teatrologa","publisher":{"@id":"https:\/\/hdkkt.hr\/en\/#organization"},"potentialAction":[{"@type":"SearchAction","target":{"@type":"EntryPoint","urlTemplate":"https:\/\/hdkkt.hr\/en\/?s={search_term_string}"},"query-input":{"@type":"PropertyValueSpecification","valueRequired":true,"valueName":"search_term_string"}}],"inLanguage":"en-US"},{"@type":"Organization","@id":"https:\/\/hdkkt.hr\/en\/#organization","name":"HDKKT","url":"https:\/\/hdkkt.hr\/en\/","logo":{"@type":"ImageObject","inLanguage":"en-US","@id":"https:\/\/hdkkt.hr\/en\/#\/schema\/logo\/image\/","url":"https:\/\/hdkkt.hr\/wp-content\/uploads\/2021\/07\/logo.svg","contentUrl":"https:\/\/hdkkt.hr\/wp-content\/uploads\/2021\/07\/logo.svg","width":374,"height":466,"caption":"HDKKT"},"image":{"@id":"https:\/\/hdkkt.hr\/en\/#\/schema\/logo\/image\/"}}]}},"_links":{"self":[{"href":"https:\/\/hdkkt.hr\/en\/wp-json\/wp\/v2\/clanovi\/749","targetHints":{"allow":["GET"]}}],"collection":[{"href":"https:\/\/hdkkt.hr\/en\/wp-json\/wp\/v2\/clanovi"}],"about":[{"href":"https:\/\/hdkkt.hr\/en\/wp-json\/wp\/v2\/types\/clanovi"}],"wp:attachment":[{"href":"https:\/\/hdkkt.hr\/en\/wp-json\/wp\/v2\/media?parent=749"}],"curies":[{"name":"wp","href":"https:\/\/api.w.org\/{rel}","templated":true}]}}

Gračan Giga

<div id="site-handler">
<div class="site-width">
<div id="middle-cols">
<div id="col-center" class="s600">
<div id="content-main">
<div id="jcom-content">
<div id="page">
<div class="main-content-item">
<p><strong>GIGA GRAČAN, r. DRNDARSKI</strong> (Osijek, 1945). Gimnaziju i srednju muzičku školu (teoretsko-nastavnički odjel) završila 1963. u Osijeku. Na Filozofskom fakultetu Sveučilišta uZagrebu diplomirala 1968. komparativnu književnost i engleski jezik. Kao pomoćne (C) predmete položila talijanski i francuski jezik. God. 1994. stekla certifikat njemačkog jezika ZMP, Goethe-Institut Bonn.</p>
<p><strong>Radila</strong> kao bibliotekarka u osječkom EMŠC-u (1968 &#8211; 72), urednica u Koncertnoj direkciji Zagreb i Zavodu za kulturu Hrvatske (1972 &#8211; 89) te izvršna tajnica Hrvatskoga glazbenog zavoda (1990). Kao urednica u III. programu Hrvatskoga radija (1991 &#8211; 2010) koncipirala je i uređivala emisiju o kazalištu (<em>Kazalištarije, </em>1989 &#8211; 2002), te specifičnu emisiju <em>Zoofon, </em>o raznim aspektima odnosā ljudi i životinjâ (1994 &#8211; 2010).</p>
<p><strong>Članstvo u strukovnim udruženjima</strong>: Društvo hrvatskih književnih prevodilaca (bila mu u više navrata tajnica, od 1992. do 2000. predsjednica); Međunarodno udruženje kazališnih kritičara i teatrologa (AICT &#8211; bila među utemeljiteljima 1975. i prva glavna tajnica  hrvatskoga društva); Hrvatski centar P. E. N. kluba; Hrvatsko novinarsko društvo;Hrvatsko društvo pisaca.</p>
<p><strong>Članica uredništva časopisā</strong>: <em>Re­vija</em> (Osijek 1971), <em>Prolog</em> (1977 &#8211; 87), <em>Prolog /Teorija /Tekstovi</em> (1987 &#8211; 90), <em>Glasnik UNESCO-a</em> na hrvatskom književnom jeziku (1983 &#8211; 87. izvršna, 1988 &#8211; 89. gl. urednica), <em>Vijenac</em> (1993 &#8211; 98). Od 1996. do 2005. uređivala dvije biblioteke za nakladu ArTresor.</p>
<p>Bila <strong>članica Vijeća za medijsku kulturu</strong> Ministarstva kulture RH  (2001-03).</p>
<p>S autorskim i uredničkim radovima sudjelovala na <strong>festivalima Prix Europa </strong>i<strong> Prix Marulić.</strong> Sa stručnim prilozima sudjelovala na prevodilačkim i teatrološkim <strong>stručnim skupovima,</strong> te na skupovima o medijima i kulturnoj politici, u zemlji i inozemstvu.</p>
<p><strong>Književne i srodne prijevode</strong> s engleskoga, francuskoga i njemačkoga objavljuje od 1967.</p>
<p><strong>Tekstovima </strong>o britanskim, američkim i kanadskim autorima, kazališnim kritikama, kolumnističkim tekstovima, komentarima i intervjuima s hrvatskim i stranim umjetnicima ostvaruje od 1968. bogatu suradnju u brojnim časopisima i novinama te na radiju. Od 1990-ih do 2000-ih redovito je surađivala s hrvatskim redakcijama radija BBC i Deutsche Welle, kao i (povremeno) s njemačkom redakcijom te radijske stanice.</p>
<p><strong>Eseje i studije </strong>objavila u nizu zbornika te kao pogovore /predgovore knjigama stranih i domaćih autora, a <strong>leksikografske priloge</strong> u izdanjima LZ &#8220;Miroslav Krleža&#8221; i &#8220;Školske knjige&#8221;..</p>
<p><strong>Bibliografija</strong> izvornih i prijevodnih radova (samo knjige) dostupna na mrežnim stranicama DHKP-a i HDP-a, a <strong>radiofonskih</strong> u fonoarhivi HRT-a..</p>
<p><strong>Nagrade</strong>: Godišnja nagrada Društva hrvatskih književnih prevodilaca 1980. za prijevod knjige <em>Anatomija kritike</em> Northropa Fryea; nagrada &#8220;Marija Jurić Zagorka&#8221; Hrvatskoga novinarskog društva za najbolje uređenu radijsku emisiju u godini 1998. &#8211; <em>Zoofon</em>; godišnja nagrada HRT-a za postignuća u mediju radija, 2001; nagrada &#8220;Iso Velikanović&#8221; za životno djelo u prevodilaštvu, 2011; nagrada &#8220;Otokar Keršovani&#8221; za životno djelo u novinarstvu, 2013; Nagrada grada Zagreba, 2014; nagrada &#8220;Josip Tabak&#8221; za životno djelo, Društvo hrvatskih književnih prevodilaca, 2016.</p>
</div>
</div>
</div>
</div>
</div>
</div>
</div>
</div>

<p>GIGA GRAČAN, r. DRNDARSKI (Osijek, 1945). Gimnaziju i srednju muzičku školu (teoretsko-nastavnički odjel) završila 1963. u Osijeku. Na Filozofskom fakultetu Sveučilišta &#8230;</p>

<!-- This site is optimized with the Yoast SEO plugin v26.1.1 - https://yoast.com/wordpress/plugins/seo/ -->
<title>Gračan Giga - HDKKT</title>
<meta name="robots" content="index, follow, max-snippet:-1, max-image-preview:large, max-video-preview:-1" />
<link rel="canonical" href="https://hdkkt.hr/en/clanovi/gracan-giga/" />
<meta property="og:locale" content="en_US" />
<meta property="og:type" content="article" />
<meta property="og:title" content="Gračan Giga - HDKKT" />
<meta property="og:description" content="GIGA GRAČAN, r. DRNDARSKI (Osijek, 1945). Gimnaziju i srednju muzičku školu (teoretsko-nastavnički odjel) završila 1963. u Osijeku. Na Filozofskom fakultetu Sveučilišta ..." />
<meta property="og:url" content="https://hdkkt.hr/en/clanovi/gracan-giga/" />
<meta property="og:site_name" content="HDKKT" />
<meta property="article:modified_time" content="2022-01-14T07:52:41+00:00" />
<meta name="twitter:card" content="summary_large_image" />
<meta name="twitter:label1" content="Est. reading time" />
	<meta name="twitter:data1" content="2 minutes" />
<script type="application/ld+json" class="yoast-schema-graph">{"@context":"https://schema.org","@graph":[{"@type":"WebPage","@id":"https://hdkkt.hr/en/clanovi/gracan-giga/","url":"https://hdkkt.hr/en/clanovi/gracan-giga/","name":"Gračan Giga - HDKKT","isPartOf":{"@id":"https://hdkkt.hr/en/#website"},"datePublished":"2021-07-30T08:21:46+00:00","dateModified":"2022-01-14T07:52:41+00:00","breadcrumb":{"@id":"https://hdkkt.hr/en/clanovi/gracan-giga/#breadcrumb"},"inLanguage":"en-US","potentialAction":[{"@type":"ReadAction","target":["https://hdkkt.hr/en/clanovi/gracan-giga/"]}]},{"@type":"BreadcrumbList","@id":"https://hdkkt.hr/en/clanovi/gracan-giga/#breadcrumb","itemListElement":[{"@type":"ListItem","position":1,"name":"Home","item":"https://hdkkt.hr/en/"},{"@type":"ListItem","position":2,"name":"Članovi","item":"https://hdkkt.hr/en/clanovi/"},{"@type":"ListItem","position":3,"name":"Gračan Giga"}]},{"@type":"WebSite","@id":"https://hdkkt.hr/en/#website","url":"https://hdkkt.hr/en/","name":"HDKKT","description":"Hrvatsko dru&scaron;tvo kazali&scaron;nih kritičara i teatrologa","publisher":{"@id":"https://hdkkt.hr/en/#organization"},"potentialAction":[{"@type":"SearchAction","target":{"@type":"EntryPoint","urlTemplate":"https://hdkkt.hr/en/?s={search_term_string}"},"query-input":{"@type":"PropertyValueSpecification","valueRequired":true,"valueName":"search_term_string"}}],"inLanguage":"en-US"},{"@type":"Organization","@id":"https://hdkkt.hr/en/#organization","name":"HDKKT","url":"https://hdkkt.hr/en/","logo":{"@type":"ImageObject","inLanguage":"en-US","@id":"https://hdkkt.hr/en/#/schema/logo/image/","url":"https://hdkkt.hr/wp-content/uploads/2021/07/logo.svg","contentUrl":"https://hdkkt.hr/wp-content/uploads/2021/07/logo.svg","width":374,"height":466,"caption":"HDKKT"},"image":{"@id":"https://hdkkt.hr/en/#/schema/logo/image/"}}]}</script>
<!-- / Yoast SEO plugin. -->

Gračan Giga - HDKKT

GIGA GRAČAN, r. DRNDARSKI (Osijek, 1945). Gimnaziju i srednju muzičku školu (teoretsko-nastavnički odjel) završila 1963. u Osijeku. Na Filozofskom fakultetu Sveučilišta ...

Članovi

Hrvatsko dru&scaron;tvo kazali&scaron;nih kritičara i teatrologa
